 7, 1129, 8179
List the prime factors of 107241511.
13, 1447, 5701
What are the prime factors of 122127143?
137, 891439
List the prime factors of 197748673.
197748673
List the prime factors of 2436026464.
2, 76125827
List the prime factors of 2230150013.
7, 13, 31, 79, 10007
List the prime factors of 200311280.
2, 5, 13, 101, 1907
What are the prime factors of 409883123?
13, 31529471
List the prime factors of 11575278.
2, 3, 11, 13, 1499
List the prime factors of 115063427.
115063427
What are the prime factors of 266308976?
2, 43, 387077
What are the prime factors of 267794894?
2, 133897447
List the prime factors of 2304894620.
2, 5, 7, 16463533
List the prime factors of 19651076.
2, 47, 104527
What are the prime factors of 3745285?
5, 223, 3359
What are the prime factors of 36168530?
2, 5, 3616853
What are the prime factors of 1096597305?
3, 5, 37, 59, 61
List the prime factors of 79110430.
2, 5, 7, 541, 2089
What are the prime factors of 1239694275?
3, 5, 1609, 10273
List the prime factors of 325103167.
19, 17110693
List the prime factors of 74299908.
2, 3, 6191659
List the prime factors of 115035095.
5, 7, 83, 5657
What are the prime factors of 3458209?
19, 182011
List the prime factors of 513972189.
3, 19036007
What are the prime factors of 577775948?
2, 83, 1740289
What are the prime factors of 5351223476?
2, 83, 16118143
List the prime factors of 2063717883.
3, 37, 6197351
List the prime factors of 815154340.
2, 5, 7, 11, 13, 19, 2143
List the prime factors of 1523648161.
7, 97, 2243959
List the prime factors of 5094786952.
2, 636848369
List the prime factors of 1673363106.
2, 3, 809, 114913
List the prime factors of 54838735.
5, 7, 1566821
What are the prime factors of 209276815?
5, 11, 31, 122743
What are the prime factors of 38197158?
2, 3, 23, 41, 43, 157
List the prime factors of 757453144.
2, 7, 181, 74729
What are the prime factors of 15761522?
2, 7, 1125823
List the prime factors of 634961956.
2, 89, 1783601
What are the prime factors of 599941343?
853, 703331
What are the prime factors of 13405860?
2, 3, 5, 13, 17, 337
List the prime factors of 2356030058.
2, 19, 62000791
What are the prime factors of 5248876562?
2, 3671, 714911
What are the prime factors of 82700780?
2, 5, 67, 61717
List the prime factors of 91317435.
3, 5, 11, 553439
List the prime factors of 20336541.
3, 739, 9173
List the prime factors of 5152679964.
2, 3, 97, 1475567
List the prime factors of 5014134807.
3, 11, 71, 2140049
What are the prime factors of 1098949779?
3, 461, 264871
What are the prime factors of 1015496994?
2, 3, 11057, 15307
What are the prime factors of 1946009208?
2, 3, 11, 13, 23, 89, 277
List the prime factors of 1917165057.
3, 59, 379, 28579
List the prime factors of 55164514.
2, 89, 479, 647
List the prime factors of 7688362.
2, 11, 349471
What are the prime factors of 57060456?
2, 3, 131, 18149
List the prime factors of 184274294.
2, 29, 79, 131, 307
List the prime factors of 158861187.
3, 653, 27031
List the prime factors of 17259501.
3, 7, 37, 97, 229
What are the prime factors of 34819496?
2, 41, 83, 1279
What are the prime factors of 179969771?
179969771
List the prime factors of 1067934036.
2, 3, 13, 271, 25261
What are the prime factors of 632315579?
7, 90330797
What are the prime factors of 1901188079?
7, 3019, 89963
What are the prime factors of 100527164?
2, 25131791
What are the prime factors of 13638262?
2, 11, 619921
What are the prime factors of 46115338?
2, 23057669
List the prime factors of 2229030800.
2, 5, 71, 78487
What are the prime factors of 1926878119?
37, 461, 112967
List the prime factors of 779953792.
2, 6093389
What are the prime factors of 240631638?
2, 3, 13, 71, 43451
What are the prime factors of 59769681?
3, 19923227
What are the prime factors of 1345222677?
3, 409, 1096351
List the prime factors of 6580380.
2, 3, 5, 109673
List the prime factors of 293406523.
61, 4809943
List the prime factors of 3253094389.
18401, 176789
List the prime factors of 625470570.
2, 3, 5, 31, 37, 73, 83
What are the prime factors of 222867969?
3, 2741, 27103
What are the prime factors of 1410621474?
2, 3, 269, 873991
What are the prime factors of 514177788?
2, 3, 23, 127, 14669
What are the prime factors of 173857513?
9697, 17929
List the prime factors of 1328956508.
2, 11, 233, 129629
What are the prime factors of 5874889872?
2, 3, 197, 331, 1877
What are the prime factors of 2454252946?
2, 1227126473
What are the prime factors of 68722136?
2, 7, 1227181
List the prime factors of 50509910.
2, 5, 11, 459181
List the prime factors of 490973872.
2, 17, 61, 127, 233
What are the prime factors of 124313899?
113, 1100123
List the prime factors of 6178662.
2, 3, 7, 49037
List the prime factors of 13175682.
2, 3, 13, 31, 5449
List the prime factors of 36125497.
149, 242453
List the prime factors of 109374789.
3, 31, 79, 14887
What are the prime factors of 82491071?
13, 43, 173, 853
List the prime factors of 181929072.
2, 3, 13, 53, 5501
List the prime factors of 148610498.
2, 17, 23, 59, 3221
List the prime factors of 2071509703.
71, 593, 49201
What are the prime factors of 5847830642?
2, 4643, 629747
List the prime factors of 125466218.
2, 47, 1334747
What are the prime factors of 1044636756?
2, 3, 971, 89653
List the prime factors of 7086193201.
373, 18997837
What are the prime factors of 87762408?
2, 3, 61, 151, 397
List the prime factors of 1210834766.
2, 31, 1559, 12527
What are the prime factors of 38517151?
38517151
What are the prime factors of 46290306?
2, 3, 23, 53, 6329
What are the prime factors of 1107534444?
2, 3, 311, 296767
What are the prime factors of 2302755249?
3, 767585083
List the prime factors of 77255998.
2, 38627999
List the prime factors of 668005345.
5, 7, 19085867
List the prime factors of 1503644649.
3, 13, 181, 293, 727
What are the prime factors of 361859807?
17, 19, 31, 71, 509
List the prime factors of 507670454.
2, 253835227
List the prime factors of 6642254207.
433, 15340079
List the prime factors of 194015923.
2213, 87671
What are the prime factors of 1245410043?
3, 19, 251, 87049
What are the prime factors of 108563078?
2, 13, 4175503
What are the prime factors of 393054144?
2, 3, 7, 17, 17203
What are the prime factors of 524933600?
2, 5, 23, 47, 607
What are the prime factors of 1049719910?
2, 5, 17, 6174823
What are the prime factors of 437538010?
2, 5, 7, 13, 17, 28283
List the prime factors of 162468875.
5, 29, 44819
List the prime factors of 38746442.
2, 7, 2767603
What are the prime factors of 197932959?
3, 7, 1171, 2683
List the prime factors of 4801808.
2, 11, 27283
List the prime factors of 1548235777.
11, 23, 163, 3413
What are the prime factors of 28511295?
3, 5, 17, 6577
List the prime factors of 113610979.
37, 3070567
List the prime factors of 2775473862.
2, 3, 7, 66082711
What are the prime factors of 133843301?
79, 601, 2819
List the prime factors of 223804536.
2, 3, 23, 317, 1279
What are the prime factors of 1150407716?
2, 241, 1193369
List the prime factors of 859607512.
2, 103, 1043213
What are the prime factors of 1078703125?
5, 17, 31, 131
What are the prime factors of 476712715?
5, 95342543
What are the prime factors of 18891480?
2, 3, 5, 157429
List the prime factors of 1060354209.
3, 17, 839, 24781
List the prime factors of 97231999.
131, 742229
What are the prime factors of 101917158?
2, 3, 7, 346657
What are the prime factors of 47117186?
2, 23558593
List the prime factors of 221610133.
61, 3632953
What are the prime factors of 1526584890?
2, 3, 5, 50886163
List the prime factors of 274131557.
7, 37, 1058423
List the prime factors of 298649628.
2, 3, 223, 37201
What are the prime factors of 1670745836?
2, 61, 6847319
What are the prime factors of 3761947255?
5, 11, 17, 4023473
List the prime factors of 179512046.
2, 7, 12822289
What are the prime factors of 2105349957?
3, 193, 1212061
What are the prime factors of 3471822?
2, 3, 29, 739
What are the prime factors of 62979374?
2, 167, 193, 977
What are the prime factors of 2551158190?
2, 5, 7, 131, 278207
List the prime factors of 268153875.
3, 5, 11, 31, 233
List the prime factors of 301520027.
41, 7354147
List the prime factors of 54792658.
2, 29, 944701
What are the prime factors of 81125879?
81125879
What are the